t -12 (base 6) to base 13.
-8
Convert -66 (base 11) to base 5.
-242
Convert -24 (base 9) to base 12.
-1a
What is 20 (base 7) in base 2?
1110
-1 (base 2) to base 10
-1
What is 1 (base 6) in base 10?
1
-6 (base 10) to base 4
-12
-13 (base 9) to base 8
-14
Convert 4 (base 13) to base 3.
11
Convert 211 (base 3) to base 6.
34
0 (base 7) to base 4
0
What is -1 (base 2) in base 10?
-1
-48 (base 14) to base 2
-1000000
Convert 0 (base 8) to base 16.
0
What is 2 (base 6) in base 4?
2
What is -154 (base 7) in base 4?
-1120
Convert -45 (base 12) to base 14.
-3b
What is -205 (base 6) in base 14?
-57
What is -30 (base 12) in base 10?
-36
Convert 201 (base 3) to base 15.
14
Convert -2 (base 15) to base 12.
-2
10 (base 2) to base 16
2
-6 (base 9) to base 3
-20
-111 (base 2) to base 13
-7
Convert -85 (base 12) to base 16.
-65
Convert -4 (base 15) to base 12.
-4
What is 3 (base 13) in base 2?
11
4 (base 15) to base 14
4
Convert 252 (base 9) to base 7.
416
What is 4 (base 6) in base 16?
4
Convert -56 (base 16) to base 3.
-10012
Convert -20 (base 11) to base 10.
-22
What is 4a (base 11) in base 16?
36
What is -66 (base 15) in base 4?
-1200
What is 2 (base 6) in base 4?
2
What is -1 (base 9) in base 7?
-1
What is 87 (base 16) in base 6?
343
What is 10 (base 3) in base 2?
11
1 (base 5) to base 12
1
284 (base 12) to base 7
1063
Convert 132 (base 13) to base 3.
21210
-150 (base 12) to base 4
-3030
What is 3 (base 12) in base 16?
3
Convert -52 (base 7) to base 9.
-41
Convert 13 (base 5) to base 8.
10
Convert 1331 (base 4) to base 7.
236
Convert 44 (base 8) to base 5.
121
-3 (base 14) to base 3
-10
Convert 3 (base 4) to base 10.
3
What is -6 (base 9) in base 14?
-6
Convert -6 (base 10) to base 8.
-6
What is -7 (base 16) in base 14?
-7
What is 63 (base 13) in base 16?
51
What is 10 (base 2) in base 4?
2
Convert -12 (base 12) to base 5.
-24
1001 (base 4) to base 15
45
10101 (base 2) to base 3
210
Convert 48 (base 11) to base 10.
52
What is 22 (base 13) in base 11?
26
9 (base 14) to base 6
13
What is -3 (base 7) in base 6?
-3
-104 (base 11) to base 14
-8d
What is 223 (base 7) in base 2?
1110011
What is 3 (base 10) in base 2?
11
What is -14 (base 15) in base 5?
-34
What is 112 (base 8) in base 5?
244
-33 (base 10) to base 16
-21
Convert -10 (base 2) to base 6.
-2
What is -1 (base 6) in base 16?
-1
What is -15 (base 7) in base 2?
-1100
Convert 112 (base 3) to base 14.
10
Convert -2 (base 9) to base 10.
-2
Convert -3 (base 15) to base 14.
-3
1121 (base 3) to base 10
43
Convert 2 (base 13) to base 12.
2
3 (base 6) to base 15
3
Convert -202 (base 3) to base 12.
-18
What is -141 (base 7) in base 13?
-60
Convert -27 (base 10) to base 16.
-1b
What is 1 (base 15) in base 6?
1
Convert -d (base 15) to base 10.
-13
3 (base 7) to base 12
3
Convert -10001 (base 2) to base 7.
-23
2 (base 3) to base 13
2
What is -7 (base 10) in base 5?
-12
Convert -23 (base 9) to base 12.
-19
What is 21 (base 4) in base 8?
11
20 (base 16) to base 14
24
Convert 6 (base 7) to base 11.
6
Convert 7 (base 8) to base 7.
10
Convert -20 (base 13) to base 12.
-22
What is -10 (base 12) in base 11?
-11
7 (base 10) to base 2
111
-e (base 16) to base 11
-13
Convert 21 (base 4) to base 15.
9
-20 (base 14) to base 3
-1001
Convert -1a (base 13) to base 6.
-35
7 (base 16) to base 5
12
-223 (base 7) to base 4
-1303
What is -10131 (base 4) in base 11?
-23a
Convert -3 (base 5) to base 4.
-3
-8 (base 11) to base 7
-11
What is -1 (base 2) in base 3?
-1
What is 230 (base 6) in base 16?
5a
What is -2012 (base 4) in base 14?
-98
What is -4 (base 11) in base 16?
-4
What is 25 (base 15) in base 12?
2b
What is 1111001 (base 2) in base 10?
121
-10 (base 4) to base 7
-4
What is -14 (base 11) in base 14?
-11
0 (base 13) to base 5
0
What is 15 (base 8) in base 16?
d
Convert 100 (base 2) to base 16.
4
-1f (base 16) to base 2
-11111
What is 1 (base 2) in base 15?
1
4 (base 6) to base 10
4
Convert -1 (base 14) to base 16.
-1
Convert -60 (base 16) to base 2.
-1100000
-8 (base 16) to base 12
-8
What is -100 (base 4) in base 16?
-10
Convert 4 (base 10) to base 9.
4
What is 124 (base 6) in base 9?
57
1d (base 14) to base 12
23
Convert 11 (base 4) to base 7.
5
-5 (base 6) to base 16
-5
1 (base 14) to base 4
1
-211 (base 8) to base 5
-1022
Convert b (base 15) to base 2.
1011
What is a (base 11) in base 5?
20
Convert -11 (base 14) to base 2.
-1111
Convert 1 (base 8) to base 4.
1
Convert 41 (base 5) to base 11.
1a
What is -5 (base 12) in base 10?
-5
Convert -302 (base 7) to base 8.
-225
What is -547 (base 8) in base 14?
-1b9
Convert 11 (base 2) to base 7.
3
What is 11 (base 14) in base 9?
16
4 (base 10) to base 4
10
Convert -205 (base 6) to base 16.
-4d
3 (base 11) to base 2
11
What is 220 (base 3) in base 16?
18
Convert -3a (base 16) to base 5.
-213
11101 (base 2) to base 10
29
388 (base 10) to base 3
112101
11100 (base 2) to base 14
20
63 (base 14) to base 2
1010111
Convert -213 (base 5) to base 10.
-58
Convert 1113 (base 4) to base 9.
106
Convert -4 (base 5) to base 9.
-4
What is 1 (base 8) in base 12?
1
Convert -4 (base 14) to base 10.
-4
What is 3 (base 9) in base 6?
3
19 (base 13) to base 12
1a
Convert 222 (base 3) to base 16.
1a
Convert -102 (base 7) to base 4.
-303
What is -a6 (base 12) in base 6?
-330
Convert 5 (base 6) to base 15.
5
-3b (base 13) to base 7
-101
-3 (base 13) to base 12
-3
1 (base 9) to base 3
1
Convert -10100 (base 2) to base 4.
-110
Convert 1 (base 12) to base 11.
1
Convert -203 (base 6) to base 15.
-50
23 (base 10) to base 7
32
What is -10 (base 8) in base 11?
-8
127 (base 9) to base 4
1222
-10d (base 15) to base 9
-284
Convert 8 (base 10) to base 16.
8
What is 11 (base 12) in base 13?
10
What is 16 (base 9) in base 13?
12
11 (base 9) to base 14
a
What is -2 (base 16) in base 4?
-2
Convert -221 (base 3) to base 2.
-11001
Convert 43 (base 11) to base 4.
233
2 (base 13) to base 10
2
5c (base 14) to base 4
1102
What is -224 (base 6) in base 3?
-10021
Convert -3 (base 4) to base 11.
-3
Convert -31 (base 4) to base 16.
-d
-1 (base 14) to base 13
-1
Convert -a (base 15) to base 6.
-14
Convert -4a (base 12) to base 3.
-2011
What is -121 (base 6) in base 12?
-41
What is 0 (base 8) in base 6?
0
-51 (base 9) to base 10
-46
What is -1314 (base 6) in base 2?
-101001110
Convert 3b (base 13) to base 5.
200
What is -10 (base 2) in base 6?
-2
Convert -112 (base 4) to base 15.
-17
What is 4 (base 16) in base 12?
4
Convert 2 (base 13) to base 7.
2
What is 200 (base 7) in base 10?
98
What is 3 (base 5) in base 4?
3
Convert 1 (base 9) to base 4.
1
220 (base 4) to base 8
50
What is 6 (base 14) in base 6?
10
Convert b8 (base 16) to base 12.
134
ee (base 15) to base 4
3200
37 (base 11) to base 9
44
What is 0 (base 6) in base 7?
0
What is -131 (base 13) in base 12?
-155
-2a (base 14) to base 8
-46
What is 211 (base 3) in base 9?
24
0 (base 2) to base 10
0
-170 (base 8) to base 9
-143
What is -23 (base 4) in base 8?
-13
What is -101212 (base 3) in base 4?
-10211
What is 76 (base 13) in base 11?
89
-2 (base 4) to base 8
-2
What is -201 (base 4) in base 11?
-30
365 (base 8) to base 15
115
What is -68 (base 12) in base 10?
-80
-10 (base 4) to base 6
-4
Convert 21 (base 4) to base 3.
100
What is -4 (base 6) in base 2?
-100
Convert 110011 (base 2) to base 6.
123
Convert -1111011 (base 2) to base 11.
-102
Convert -110 (base 2) to base 9.
-6
Convert 1001000 (base 2) to base 10.
72
Convert 8 (base 16) to base 12.
8
-100 (base 5) to base 11
-23
-314 (base 5) to base 7
-150
76 (base 9) to base 15
49
Convert 35 (base 11) to base 4.
212
-1240 (base 5) to base 11
-168
What is -7 (base 11) in base 4?
-13
What is -22 (base 3) in base 4?
-20
-201 (base 3) to base 4
-103
Convert 2 (base 10) to base 12.
2
-2 (base 9) to base 14
-2
What is 9 (base 11) in base 6?
13
What is -3 (base 7) in base 14?
-3
177 (base 11) to base 9
247
3d (base 16) to base 12
51
What is -1 (base 7) in base 12?
-1
11 (base 15) to base 16
10
2 (base 16) to base 3
2
-3d (base 15) to base 3
-2011
1 (base 9) to base 2
1
6 (base 10) to base 4
12
Convert 36 (base 15) to base 16.
33
Convert 1a (base 15) to base 10.
25
What is 4 (base 8) in base 3?
11
Convert -15 (base 11) to base 16.
-10
What is -245 (base 6) in base 10?
-101
-61 (base 9) to base 10
-55
-4 (base 13) to base 15
-4
Convert -2